)/(-2)). Suppose 0*v + v - 115 = b. What is the hundreds digit of v?
1
Suppose 0 = -4*h + 3*q + 11384, 5694 = 2*h + 7*q - 8*q. What is the thousands digit of h?
2
Let d(l) = l + 1. Let t be d(1). Suppose 3*v - 92 = t*v. What is the tens digit of v?
9
Suppose -4*q = 5*f - 3434, 2*f - 9*q + 14*q = 1360. What is the units digit of f?
0
Suppose -6*w + 109 = -221. Let a = 91 - w. What is the units digit of a?
6
Suppose 6*q - 2*t = q - 333, -q - 2*t - 69 = 0. Let x = -22 - q. What is the units digit of x?
5
Let b(c) = c**3 - 18*c**2 - 13*c + 20. What is the tens digit of b(21)?
7
Let n = -214 + 923. What is the tens digit of n?
0
Suppose 5*t + 0*i - 6409 = -3*i, -4*t + 5138 = -3*i. What is the hundreds digit of t?
2
Let w = 13 - 14. Let p(y) = 74*y**2 + 2*y. What is the tens digit of p(w)?
7
What is the hundreds digit of (-119 - -1)/((-62)/279)?
5
Suppose 4*r + 3*x = 7*x + 5008, 6252 = 5*r + 3*x. What is the thousands digit of r?
1
Let p(s) = -s**2 + 65*s - 12. What is the thousands digit of p(34)?
1
Let n = 310 - 212. Let m = 14 + n. What is the units digit of m?
2
Let k(u) = 8*u**2 - 6*u + 3. Let i(r) = 16*r**2 - 12*r + 6. Let g(y) = -2*i(y) + 5*k(y). What is the tens digit of g(-4)?
5
Suppose -2*g + 33 + 91 = 0. What is the units digit of g?
2
Let c be (-28)/(692/140 - 5). Let p = c + -263. What is the hundreds digit of p?
2
Suppose -3*b + 2033 = 5*g, 0*g + 3*g - 2037 = -3*b. What is the units digit of b?
1
Let n(g) = -g**2 - 8*g - 11. Let x be n(-5). Suppose -4*b - 4*p - 4 = 0, -6*b = -2*b + 2*p - x. Suppose -b*h + 48 + 12 = 0. What is the units digit of h?
0
Suppose 4*k + 820 = c, -4235 = -5*c + 2*k - 225. What is the units digit of c?
0
Suppose l = 5*h - 5, -3*h = -4*h - 2*l + 1. Let r(g) = -1 + g**3 - 10*g - 5 + h - 9*g**2 - g**2. What is the units digit of r(11)?
6
Let g(x) = x**3 - 3*x**2 + x + 4. Suppose 4 = -5*w - 4*a + 20, -8 = w - 2*a. Suppose w = -4*n + 7*n - 9. What is the units digit of g(n)?
7
Suppose 7*j + 1253 = 5320. What is the hundreds digit of j?
5
Suppose -5*u + 5*a - 10 = 0, -2*a - 2*a = 4. What is the tens digit of u/((-12)/160) - -3?
4
Let r(g) = -g**2 + 8*g - 9. Let f be r(6). Suppose f*k = 4*k - 1. What is the units digit of (-2 - -2) + 4/k?
4
Let d(z) = z**3 - 12*z**2 + 10*z + 20. Let u be d(11). Suppose 1047 = u*v - 735. What is the hundreds digit of v?
1
Suppose 6*n + 309 = 9*n. Suppose -153 = -4*d + 3*a - 12, 2*d + 5*a = n. What is the units digit of d?
9
Let d(n) be the third derivative of n**5/60 - 7*n**4/24 - 11*n**3/6 - n**2. Let t = 1829 - 1818. What is the units digit of d(t)?
3
Let f = 5 + -5. Suppose w + 34 = -f*w. Let d = w - -51. What is the tens digit of d?
1
Suppose -2*s = -h + 1842, 3*h - 5532 = -11*s + 15*s. What is the thousands digit of h?
1
Suppose -3*k + 9 = -2*w, -3*k = 5*w - 0*k + 75. Suppose -2*b - 24 = -8*b. What is the tens digit of w/16 - (-75)/b?
1
Suppose 0 = 3*r - 5*n - 19 - 13, 0 = 3*r - 3*n - 24. Suppose 0 = -r*k + 2*v - 46, -2*v - 11 = k - 3*v. What is the tens digit of (-603)/(-54) + 2/k?
1
Let j(r) = r**3 + r**2 - 9*r. Let y be j(-4). What is the tens digit of 350/3 - 4/y?
1
Suppose -9*c + 14 = -22. Suppose -c*l + 435 = l. What is the tens digit of l?
8
Suppose -25*i = -30*i. Suppose t + 4*r + 166 = 2*t, 2*r + 4 = i. What is the hundreds digit of t?
1
Let h = 1606 - 1100. What is the units digit of h?
6
Suppose -4*a = -p + 831, -p + 2*a + 813 = 7*a. What is the hundreds digit of p?
8
Let g = -16 + 12. Let w be (38 - (-4)/g) + 0. Let o = w + -25. What is the tens digit of o?
1
Let s(x) = x**2 - x - 1. Let f(q) = 6*q**2 - 10*q + 11. Let u(w) = f(w) - 4*s(w). What is the tens digit of u(6)?
5
Let v = 44 + -31. Suppose -5*g = 35*g - 480. Let s = v - g. What is the units digit of s?
1
Let c(j) = -j - 10. Let w be c(-14). Suppose -4*y + 113 = -5*b, -89 = -w*y - 4*b - 21. What is the tens digit of y?
2
Let w(d) = 11*d - 1. Let k be (7 + -4)*12/9. Let b be w(k). Suppose 2*o + b = 141. What is the tens digit of o?
4
Let g(p) = -6*p + 3. Let h be g(-1). Suppose 130 = -h*r + 4*r. What is the units digit of 12/(-9) + r/(-6)?
3
Let x(v) = -21*v + 14. What is the units digit of x(-16)?
0
Let f(k) = 9*k + 118. What is the hundreds digit of f(16)?
2
Let o be 4 + (-3 - 0 - 0). What is the tens digit of -238*((-4)/(9 + -1))/o?
1
Suppose -1921 = -5*c + 2*m, 2*c + 2*m - 1909 = -3*c. Let s = -188 + c. What is the tens digit of s?
9
What is the tens digit of ((-9)/6 + 1)*(-9372)/6?
8
Suppose -2247 = -15*f + 4368. What is the tens digit of f?
4
What is the tens digit of 5/10 - (33/(-2) - -1)?
1
Let g = 963 + -561. What is the tens digit of g?
0
Suppose 5*w - 3*g = 20, -11 = -5*w + 2*g + 9. Suppose -5*r - j = -26, -34 = w*r - 9*r + j. Let v(z) = z + 2. What is the units digit of v(r)?
8
Let a(p) = p + 2. Let v be 0 + (3 + -3)/3. Let o be a(v). Suppose o*l + 13 = 53. What is the tens digit of l?
2
Let a = 500 + 65. What is the tens digit of a?
6
Suppose 7*r = r + 18. Suppose 5*m - 48 = -l, 0 = m + r*l + 13 - 31. What is the units digit of m?
9
Let g = -12 - -33. What is the hundreds digit of 2/g - 17044/(-84)?
2
Let a(f) be the second derivative of -8*f**3/3 - 21*f**2/2 + 9*f. What is the units digit of a(-7)?
1
Let a(m) = 22*m**2 + m + 1. Let p(i) = 22*i**2 - 2*i - 1. Let u be p(-1). Suppose -3*y + 5*c = u, 0 = -3*y - 2*c - 0*c + 5. What is the tens digit of a(y)?
2
Let u(d) = -2*d**3 - 3*d**2 - 5 - 4*d**3 - d + 15 + 5*d**3. What is the units digit of u(-5)?
5
Suppose -3*d - 17*a + 22*a = -160, -4*d + 236 = -a. What is the tens digit of d?
6
What is the units digit of 1376/14 + 6 + 572/(-91)?
8
Let j = 40 - 20. Let p = j - 7. What is the tens digit of p?
1
Suppose 2*t - 4*w = 440, 3*w + w = -t + 250. Suppose 765 = 3*u + 4*h - t, -2*h + 662 = 2*u. What is the tens digit of u?
2
Let n be (-42 - -23)*(0 + -1). Suppose z - n = 37. Suppose -z - 44 = -2*s. What is the tens digit of s?
5
Suppose 27 - 3 = 4*l + 4*j, j = 2*l - 27. Suppose 106 = 5*x + 11. Let q = l + x. What is the units digit of q?
0
Suppose -14*g + 17*g = 3. Let f be 190/8 + g/4. Suppose o + 6 = f. What is the tens digit of o?
1
Let h(m) = m**2 + 12*m + 256. What is the units digit of h(-55)?
1
Let u(z) = 19*z + 200. What is the units digit of u(-5)?
5
Let l = -153 - -45. Suppose 0*p + 3*p - 134 = 4*c, 0 = 2*c - 4*p + 72. Let d = c - l. What is the units digit of d?
6
Suppose -2*g - 3*g - 5*z = 10, -26 = -3*g + 5*z. Suppose 4*t - 77 = 3*y, -g*t + 21 = -4*y - 15. What is the units digit of t*2/8*5?
5
Suppose v = 4*v + 3. Let u(g) be the first derivative of -33*g**2/2 - g + 1. What is the tens digit of u(v)?
3
Let r be -4 - 0 - (7 - 13). Suppose -i - 2*m = i - 38, 3*i = r*m + 82. Suppose -2*t - i = -178. What is the units digit of t?
7
Suppose 12*x + 9 + 1647 = 0. What is the tens digit of (-88)/(-33)*x/(-8)?
4
Suppose 5*k - 10 = 4*j, -1 = 2*k + 3*j - 28. Suppose 5*q + 13 = k*q. Let o = q - 8. What is the units digit of o?
5
Suppose 2*v = -8, -5*c + 10*v = 8*v - 2593. Suppose 5*r + c = 3*s, -3*s + 3*r + 523 = 4*r. What is the hundreds digit of s?
1
Let n(w) = 8 + 9 + 10 + 0*w - 3*w. What is the units digit of n(0)?
7
Let w = -219 + 160. Let r be 89/(0 - -1) + 0. Let y = r + w. What is the units digit of y?
0
Let x(d) = -d**3 - 8*d**2 - 4*d + 9. Let t be x(-7). Let v = 25 - -13. Let h = v + t. What is the tens digit of h?
2
Let x(j) = 59*j + 2. Let n be x(8). Suppose 3*f + 99 = n. Suppose 3*u = -2*u + f. What is the units digit of u?
5
Suppose -57 = 2*z + 2*r - 151, 4*z - 197 = -r. What is the units digit of z?
0
Suppose -7*k + 2 = 9. What is the units digit of ((-7)/28)/(k/188)?
7
Suppose 3544 = 4*l - q, -2*l + 2*q = -1833 + 67. What is the tens digit of l?
8
Suppose 0 = -2*n + 4*n - 3*g + 20, -n - 4*g + 12 = 0. Let v = 11 - 15. What is the tens digit of 0 - v/(n/(-31))?
3
Let o = -10 + 22. Let r = o - 12. Suppose 0 = 2*g - 4, -276 = -4*y - 4*g - r*g. What is the tens digit of y?
6
Let c be (6/(-2))/(68/20 + -4). Suppose -1 = m - 6. Suppose i - c*l = 28, 86 = m*i + l + l. What is the units digit of i?
8
Let u(h) = -25*h**3 - h. Let a be (-52)/(-20) - (-8)/20. Suppose 2*c + c = -a. What is the tens digit of u(c)?
2
Let o(l) = 2*l**3 - 5*l**2 - l + 4. Let v(q) = q**3 + q**2 + q - 1. Let j(m) = -o(m) - 2*v(m). What is the tens digit of j(-3)?
3
Let i